hat is the tens digit of 147/14*(-12)/(-9)?
1
Let y(z) = -z**3 - 2*z**2 + 2*z - 5. Let n be y(-4). Suppose -32 = -3*c + n. What is the tens digit of c?
1
Let t(x) = x**2 - 2*x + 1. Let g be t(1). Suppose 3*p - 25 = -4*d, 5*p - 40 = 4*d + 23. Suppose g = -5*i, 3*i = -2*m - p + 27. What is the units digit of m?
8
What is the units digit of (6/(-5))/((-10)/75)?
9
Suppose -2 = -2*f + 16. What is the units digit of f?
9
Let n(w) = -35*w + 3 + 9*w - 9. What is the units digit of n(-2)?
6
Let f(i) = 2*i**2 + 5*i + 1. Let l(o) = -o**2 + 10*o + 5. Let g be l(11). What is the units digit of f(g)?
3
Let u(d) = 2*d**2 - 4*d + 3. Let v be u(2). Let f be (v - 5) + 1 + 7. Let j(q) = 3*q - 7. What is the tens digit of j(f)?
1
What is the tens digit of 1 - -1 - (-3 + -8)?
1
What is the units digit of 21 + -3*(-12)/(-9)?
7
Suppose 2*o = 6*o - 16. Suppose -s - 4 - o = 0. Let y = s + 17. What is the units digit of y?
9
Let j = -11 - -15. Suppose -12 = -5*k - j*c, k + 3 = -3*c + 12. Suppose 5*s - 20 = -5*z, -23 = -2*z + 3*s - k. What is the units digit of z?
7
Suppose 6 = -g + w, 4*w = 5*w - 5. Let n(c) = -15*c. What is the tens digit of n(g)?
1
Let f(c) = -3*c. Let j be f(1). Let x = j - -2. Let p(v) = -8*v + 1. What is the units digit of p(x)?
9
Suppose i = 2*k + 1, -k + 2*i + 0*i - 5 = 0. Let w = 18 + -10. Let b = w - k. What is the units digit of b?
7
Suppose 5*x = -2*g + 5, 5*x - 4*g - 30 = -g. Suppose -4*h = -1 - 19, x*f = -h + 149. What is the units digit of f?
8
Let k(o) = 8*o - 9*o + 12*o**2 - o**2. What is the tens digit of k(1)?
1
Let l = -116 - -255. What is the tens digit of l?
3
Let f be (-4)/18 + 58/18. Suppose f*d - 7 = -1, d = s - 1. What is the units digit of s + (3 - 2) - -1?
5
What is the units digit of 7 + (-4)/8*2?
6
Let f(h) = 5*h - 12. What is the tens digit of f(8)?
2
Suppose 0 = -2*p - 2*p + h + 304, p - 5*h - 76 = 0. What is the units digit of p?
6
Let m(o) be the second derivative of -o**5/20 - 2*o**4/3 - 5*o**3/3 + 3*o**2/2 + 6*o. What is the units digit of m(-7)?
4
Let u(s) = 13 + s**3 + 3*s - 12*s**2 + 9*s + 0*s. What is the tens digit of u(11)?
2
Let t = 6 - 3. Suppose t*a + 8 = a. Let v(b) = b**3 + 6*b**2 + 5*b + 1. What is the tens digit of v(a)?
1
What is the tens digit of -5 + (85 - 2) - -2?
8
Suppose 2*q - 1 - 7 = 0. Suppose z + q - 2 = s, 2*z + 7 = 5*s. What is the units digit of s?
1
Suppose 0 = -k + 6 - 5. What is the units digit of k?
1
Let n be (-1)/(-2) - 3/(-6). Let s be -1 + n + (1 - 2). Let j = s + 3. What is the units digit of j?
2
Suppose 0 = -l + 6*l + 4*n - 45, 30 = 5*l + n. Suppose 52 - 12 = l*q. Suppose 0 = 5*y - 0*o + 3*o - 40, -q = -y - 4*o. What is the units digit of y?
8
Suppose 5*s - 2 = 4*x + 1, -4*x + 6 = -2*s. Suppose 4*f - 16 = -4. Suppose -4*q = -f*a + 13, -16 = -2*a + 2*q - x*q. What is the units digit of a?
7
Let t(m) = 5*m - 3. Let o(k) = k - 1. Let s(i) = i**2 + 4*i + 1. Let d be s(-5). Let r(n) = d*o(n) - t(n). What is the units digit of r(8)?
5
Let o = 24 + -11. Let l = o + -2. Let t = -4 + l. What is the units digit of t?
7
Suppose -5*p - d - 25 = 0, -2*p - 6*d - 28 = -2*d. What is the units digit of p*5/(10/(-4))?
8
Suppose 4*d - 6*d + 2 = 0. Let y = d + 9. What is the tens digit of y?
1
Suppose -4*o = -o + 414. Let q = o + 58. What is the tens digit of ((-6)/4)/(12/q)?
1
Suppose -2*x = 5*i - 585, i + 2*x - 11 = 98. What is the tens digit of i?
1
Suppose -k - 2 = -0*k. Let a = -5 - -9. What is the units digit of 26/a + k/(-4)?
7
What is the units digit of 7/((-63)/6) - 3417/(-9)?
9
Let m = -23 + 25. What is the tens digit of 14 - (-2 - (3 - m))?
1
Suppose k - 3*z = 78, -291 - 81 = -4*k - 3*z. Let x = k + -46. Let p = x - 25. What is the tens digit of p?
1
Let n be 3 - (-4 - -2 - 172). Suppose 0 = 3*p - n + 48. What is the units digit of p?
3
Let c be (54/8 - 2)*4. Suppose 0 = 5*t, -c = -2*m - t + 37. Suppose -4*w = 4*j - m, -32 = -4*w - 3*j + j. What is the units digit of w?
9
Let m(g) be the first derivative of -g**3/3 + 5*g**2 - 12*g + 1. Suppose -5*k = 2 + 13, 5*k = -2*c + 1. What is the units digit of m(c)?
4
Let k(f) = f**2 - 7*f + 2. Let q be k(7). Suppose 15 = q*z - 1. What is the units digit of ((-4)/(-5))/(z/20)?
2
Suppose 2 = 2*j - 6. Suppose -n = -5*i + 14, j*n - 13 + 0 = -3*i. Suppose 3*x = -3*c + x + 5, -i*c + 2*x = -1. What is the units digit of c?
1
Suppose -3*v - k = k - 127, 2*v = -5*k + 92. What is the tens digit of v?
4
Let u(z) = -z - 3. Let y be u(0). Let a(g) = g**3 + 5*g**2 + 1. Let p(b) = -b**3 - 6*b**2 - 2. Let t(l) = -4*a(l) - 3*p(l). What is the units digit of t(y)?
1
Let y = -3 - -23. What is the units digit of y?
0
Suppose 2*i + 0*u - 4*u = 24, -4*i - u + 3 = 0. Suppose -6 = -i*x + x. Suppose x*q - 5*q - 3 = 0. What is the units digit of q?
3
Let a(u) = -u - 6. Let q be a(-12). Let j(t) = t - 5. What is the units digit of j(q)?
1
Let b = -248 + 425. What is the hundreds digit of b?
1
Let i = 125 - -156. What is the hundreds digit of i?
2
Let g(i) = i**3 + i**2 + i - 5. Let r be g(0). What is the units digit of (18/r)/((-12)/80)?
4
Suppose 31 = -o + 4*f, -3*f = -2*f. Let v = 56 + o. What is the tens digit of v?
2
Let f be (-12)/42 + (-1040)/(-14). Suppose 5*l + f = 3*x, x + 0*l = -3*l + 34. What is the tens digit of x?
2
What is the units digit of ((-10)/(-3))/((-4)/6)*-7?
5
Let t = -10 - -14. Suppose 14 = t*v - 6. What is the units digit of v?
5
Let o = 290 + -179. What is the units digit of o?
1
Suppose 2*t - 5 - 3 = 0. What is the units digit of t?
4
Let x = -6 + 8. Suppose x*y = -2*y + 16. What is the units digit of y?
4
Suppose -35 = -4*c + 97. What is the tens digit of c?
3
Let p = 4 + -16. Let w be (8/(-6))/(p/18). Let d = 6 - w. What is the units digit of d?
4
Suppose 3*l + 66 = 3*t - 33, -168 = -4*t - 5*l. What is the tens digit of t?
3
Suppose -4*y + 2 + 2 = 0. Let m = 0 - y. What is the units digit of (m/3)/(2/(-6))?
1
Let o(n) = n**3 - n**2 - 2*n - 3. What is the units digit of o(3)?
9
Let k(m) = -m**3 - 6*m**2 - 5*m - 4. Let c be k(-5). Let p be c + -2 + 0/2. Let d = p - -8. What is the units digit of d?
2
Let x be (-1 + 16/12)*12. Suppose 5*u + 0*h = x*h + 148, -2*h + 6 = 0. What is the units digit of u?
2
Let b = -2 - -8. Suppose 2*w + w = b. Suppose -w*o + 11 = -f, -5*o - 1 + 31 = -5*f. What is the units digit of o?
5
What is the units digit of ((-30)/12)/(2/(-28))?
5
Let s be (3 + 6/(-3))*2. Suppose w - 10 = s. What is the tens digit of w?
1
Let o be 19/7 - 2/(-7). Suppose -o*r - 11 = -2. What is the units digit of (r - -2) + 25 + -3?
1
Suppose 2*o + 0*o = -8. Let z = -8 + 5. Let a = z - o. What is the units digit of a?
1
Suppose -2 = v - 5. Suppose 1 = -v*s + 4. What is the units digit of s?
1
Suppose 5 = 2*y + n, 2*n + 0 - 2 = 0. Suppose 15 = w + y*o - 5, 4*w = -4*o + 64. What is the units digit of w?
2
Suppose 7*q - 8*q = -42. What is the tens digit of q?
4
Let f = 2 - -2. Suppose -m + 12 + 27 = -4*n, -f*n - 141 = -3*m. Suppose 2*i = -i + m. What is the units digit of i?
7
Suppose 0*l = -l + 76. Suppose -2*y = -2*u + l, 0*y - 42 = -u + 5*y. What is the tens digit of u?
3
Suppose -2*v = 2*v - 72. What is the units digit of v?
8
Let t(n) = -33*n + 1. Let u be t(-1). Let c = u + -83. What is the units digit of 2/8 + c/(-28)?
2
Suppose -4*s = s - 10. Suppose -x - 2*x + 12 = 0, s*t = -3*x + 20. Suppose 1 = -t*o + 5*o. What is the units digit of o?
1
Let p be (8/(-5))/((-2)/5). Suppose p*k - 5*z - 65 = -1, 0 = k + 2*z - 29. What is the units digit of k?
1
Suppose 135 = -0*y - 3*y. What is the units digit of (-685)/y + 4/(-18)?
5
Suppose 0 = 3*u - 12, -5*a + 0*u - 77 = 2*u. What is the units digit of a/(-3) - (-2)/6?
6
Let c = 16 - 9. Let y = c + -3. What is the units digit of ((-15)/y)/((-4)/16)?
5
Suppose -2 - 10 = -g. What is the units digit of g - 9 - 2*-2?
7
What is the units digit of ((-2)/(-5))/(-2*(-3)/270)?
8
Suppose r - 5*r = -8. Let h = r - -13. Suppose -3*t - 2*t + h = 0. What is the units digit of t?
3
Suppose -5*x - 3 = y - 3*y, x + 15 = 4*y. What is the units digit of y?
4
Let k = -184 + 386. What is the hundreds digit of k?
2
Suppose -3 - 3 = -3*i. Suppose 5*p = z + i*p - 4, 5*z - 3*p = 20. Let f = z - 2. What is the units digit of f?
2
Let h = -6 - -6. Let v(w) = w**3 - w**2 + w + 8. What is the units digit of v(h)?
8
Let d(u) = -u +